 the tens digit of j?
1
Suppose 11 + 1645 = 8*a. What is the hundreds digit of a?
2
Suppose 0*w + a - 32 = -w, 3*a + 128 = 5*w. Suppose -5*j = -2 - w. Suppose 0 = -o - 2*r + 5 + 1, -o - 3*r + j = 0. What is the units digit of o?
6
Suppose 2*g = 6, 3*t - 2*g = 3473 + 2125. What is the hundreds digit of t?
8
Suppose 39*u + 103950 = 116*u. What is the tens digit of u?
5
Let w(b) = b**3 + 7*b**2 - 3*b - 3. Let o(t) = 2*t + 3. Let p be -1*(0 - -2) - 2. Let s be o(p). What is the tens digit of w(s)?
6
Suppose -58*g - 19026 = -65*g. What is the hundreds digit of g?
7
Let f(k) = 52*k**2 + 19*k + 145. What is the hundreds digit of f(-9)?
1
Suppose 60*l - 42462 = 46*l. What is the tens digit of l?
3
Let k(x) = -1978*x**3 - 6*x**2 - 12*x - 6. What is the hundreds digit of k(-1)?
9
Let j(v) = 119*v**2 + v + 2. Let w be j(-1). Suppose -5*u = 5*m - w, 4*u = -2*m - 0*m + 48. What is the units digit of m?
4
Let h(t) = 17*t - 122. What is the hundreds digit of h(17)?
1
Suppose 4*u + 5*z = 105, u = -3*u - 2*z + 90. What is the tens digit of u?
2
What is the hundreds digit of (38/(-8))/(8/(-448))?
2
Suppose 5*g - 288 = 2*g. Let m = 149 - g. What is the tens digit of m?
5
Let p = -30 + 26. Let k be (p/5)/((-6)/45). What is the units digit of (3484/24)/13*k?
7
Suppose -3*q + 18 = 6. Suppose -q*i + 59 = -3*i - 5*f, 0 = i - 4*f - 57. What is the tens digit of i?
4
Let k(y) be the second derivative of 7*y**4/12 + y**3/3 - 5*y**2 + 26*y. What is the units digit of k(4)?
0
Suppose 3*q = -84 - 105. Let x = q + 117. What is the tens digit of x?
5
Let y = 1744 + -1227. What is the units digit of y?
7
Let q(w) = w**2 + 2*w. Let g be q(-1). Let h be -3 + (g - -2)*7. Suppose 0 = z + b - 26, h*z - b + 0*b - 94 = 0. What is the tens digit of z?
2
Let m(d) = 4*d - 13. Let g be m(4). Suppose j = -g*k + 54, 53 = 2*j - 3*k - 10. What is the tens digit of j?
3
What is the hundreds digit of (-22 - 0/2)*(-228)/38?
1
Let x(r) = 16*r**2 - 3*r - 1. Let t be x(-3). Suppose -4*a - 160 = -5*k + 30, 0 = -4*k - a + t. Let w = 58 - k. What is the units digit of w?
0
Suppose 0 = -5*c + 27 + 8. Suppose -5*l - 88 = -c*l. What is the units digit of l?
4
Let u(a) = 10*a**2 - 28*a - 214. What is the units digit of u(-6)?
4
Let g(t) = -5*t - 16. Let p be g(-15). Suppose p = 4*s + 15. What is the units digit of 123/s - 6/33?
1
Suppose 4*y - 1627 = -4*g + 1737, 5*g = -y + 4201. What is the units digit of g?
0
Let t = 212 - 13. Suppose -3*o - 13 = 3*g - t, -5*g - 3*o = -304. What is the units digit of g?
9
Let p(g) = 30*g**2 + g + 32. What is the thousands digit of p(-7)?
1
Let k be 0*(6/2)/(-6). Suppose 0 = -5*v + 10 - k, -2*v - 6 = 5*o. What is the units digit of ((-16)/24)/(o/54)?
8
Let s(o) = o**3 - 7*o**2 - 7*o. Let z be s(8). Let q = z - -13. What is the tens digit of q?
2
Suppose 0 = -5*r - 10, -5*d - 5*r = -0*d - 45. Suppose 0 = d*t - 3*t - 904. What is the units digit of t?
3
Let r(h) = -2*h**2 + 149*h + 1. What is the tens digit of r(74)?
7
Suppose -3*c = -y - 3491, 2526 = 4*c + 2*y - 2142. What is the hundreds digit of c?
1
Let y(o) = 4 + o + 6*o + 2*o**2 + 5 + 0. What is the units digit of y(-11)?
4
Suppose -2*n + 3*d - 6 = 0, n - d - 7 = -2*d. Suppose m + 3*g = -15, 0 = 3*m - n*g - 23 + 68. What is the tens digit of (-1 + 0)/(m/1005)?
6
Suppose -20*t = -24*t + 96. Suppose 0 = 3*c + 75 - t. What is the units digit of 17/c*(0 - 11)?
1
Let z(k) be the second derivative of -4*k**3/3 - 2*k**2 + 5*k. What is the units digit of z(-3)?
0
Let u be 13 + ((-6)/(-4) - 21/14). Let o = 41 - u. What is the units digit of o?
8
Suppose 0 = -a - a - 4*l + 6388, 2*l = a - 3206. What is the thousands digit of a?
3
Let a = -22 - -19. Let h be (1 + 8)*(-8)/a. Suppose -5*b = s - 7 - 11, 4*b = -4*s + h. What is the units digit of b?
3
Let o = -113 - -116. Suppose 3*u - 689 = -r, o*u - 2*r - 89 - 585 = 0. What is the units digit of u?
8
What is the tens digit of (-42)/(-49) + 237*(-81)/(-21)?
1
Let g be (4/8 + 1)*2. Suppose -5*y - 20 = 0, -g*o + y - 5 = 72. Let j = 48 + o. What is the tens digit of j?
2
Let o(b) = 4*b + 11. Let q be o(8). Suppose -2 = 4*y - 18. Suppose -155 = -y*k - q. What is the units digit of k?
8
Suppose 4*z - 5 - 20 = -i, -3*z + 22 = 4*i. Suppose 3*t + z = 12. Suppose 0*f = 3*f + 2*h - 52, 4*f = -t*h + 70. What is the tens digit of f?
1
Let x(h) = -h**3 - h**2 + h - 13. Let s(j) = -2*j**3 + 2*j - 13. Let y(k) = -2*s(k) + 3*x(k). What is the tens digit of y(6)?
8
Suppose 166*q = 162*q + 2084. What is the hundreds digit of q?
5
Let c = -6 - -6. Suppose -3*f + 57 = 5*o, -4*o + 76 = 4*f - c*o. Suppose 5*d - f = 16. What is the units digit of d?
7
Let c(q) = -2*q + 30. Let i be c(13). Suppose r + 4*u = 51, -u = -2*u - i. What is the units digit of r?
7
Suppose -c + 11 - 5 = 0. Suppose u = 4*b + 32, 211 = c*u - u - 3*b. What is the tens digit of u?
4
What is the thousands digit of 8 - (-2564 + 24/(-8))?
2
What is the units digit of 7926/12 - (-6)/12?
1
Suppose 5*i - 1270 = 2*z, 2*z - 1186 = -5*i + 104. What is the tens digit of i?
5
Let f be (-2)/7 + (-180)/7. Let w be 0 + 58 - (-7 - -7). Let j = f + w. What is the tens digit of j?
3
What is the hundreds digit of (-1 + 3)/((-116365)/16625 + 7)?
3
What is the units digit of ((-10 - -5) + 332)*(-308)/(-42)?
8
Let h(t) = -93*t - 11. What is the tens digit of h(-6)?
4
Suppose -5*q - 3*y = -935, -29*q + 30*q + 2*y - 187 = 0. What is the units digit of q?
7
Let k be 5/(10/4) - -4. What is the tens digit of 374/k + 2/(-6)?
6
Suppose h - 3 + 4 = 0, -2*h - 2 = 5*m. Suppose m*o = 5*o - 940. What is the hundreds digit of o?
1
Let a(g) = 39*g + 11. Let t be a(6). Suppose -3*z = -8*z + t. What is the units digit of z?
9
Let n(w) = 4*w**3 - 8*w + 13. What is the hundreds digit of n(5)?
4
Suppose 0 = -5*c - 4*n + 704, -c - 32 + 160 = 4*n. What is the tens digit of c?
4
Let g = 306 - 47. What is the hundreds digit of g?
2
Suppose 3*l = -4*g + 869 + 2943, 3*g - 2*l - 2859 = 0. What is the hundreds digit of g?
9
Let x be (-834)/(-21) - (-4)/14. Let k be (-85)/(-4) + 2/(-8). What is the tens digit of x/2 - k/(-7)?
2
Let y be -1 + 6 - (4 + -1). Suppose 4 - y = k. Suppose k*b - 128 = -2*b. What is the tens digit of b?
3
Let z be 6*(-37)/(-3)*-1. Let i = 403 - 447. Let x = i - z. What is the units digit of x?
0
Suppose 3*o - 8 = -3*i - o, 5*o + 13 = 2*i. Suppose 3*s = i*s. What is the units digit of 1 + s + 1 - -7?
9
Let n(m) = 6*m**3 + 3*m**2 - 11*m + 19. What is the units digit of n(5)?
9
Suppose 29346 = 27*i - 105924. What is the tens digit of i?
1
Suppose 9*l - 14 = 2*l. Suppose 4*j = 20, l*j = 7*q - 3*q - 398. What is the tens digit of q?
0
Let x(a) = 278*a + 12. What is the tens digit of x(1)?
9
Let g be 4 + 0 + 3 + -2. Suppose g*t + 72 = 7*t. What is the units digit of t?
6
Suppose -4*l + 97 = b + 2*b, 3*l - 3 = 0. Let u be ((-76)/(-8))/(1/(-2)). Let z = b + u. What is the tens digit of z?
1
Let r(x) = -2*x + 16. Let q be r(7). Suppose -5*d + 5*b = -670, q*b - 518 = -10*d + 6*d. What is the units digit of d?
1
Let y = 8 - 4. Suppose -m - 3*w = y, -4*m + 4*w - 2*w = -26. Suppose f - m*f - 2*z + 20 = 0, 5*f + 4*z = 22. What is the units digit of f?
6
What is the tens digit of (-4551)/(-8) + (-29)/(-232)?
6
Suppose 5*a + 17 = 3*c, 3*c - a = -0*a + 37. Let d be (-21)/c*(-4)/3. Suppose 0 = d*q + 3*o - 0*o - 19, q + o = 7. What is the units digit of q?
2
Let j(z) = z**2 + 4*z + 9. Suppose -4*w + 16 = -w - n, 22 = 4*w - 2*n. Suppose w = -q + 1. What is the units digit of j(q)?
9
Suppose -3*j + 25 = 2*t + 2*t, -3*t + 21 = 3*j. Let g(c) = -3*c + 13. What is the units digit of g(j)?
4
Suppose -4*y = l + 83, 2*y - 5*y = 5*l + 398. Let p = l + 124. What is the units digit of p?
5
Let s(j) = j**3 - 2*j**2 + 1. Suppose -3*d = 2*d. Suppose 0 = -5*x + 4*g + 4, -5*g = -4*x - d - 4. What is the units digit of s(x)?
3
Suppose 7*s - 3*s - 4*q = 28, -3*q = 5*s + 5. Suppose 0 = -5*l - 25, 4*l = s*a - 3*a - 18. What is the units digit of a?
2
Suppose -3*t = 5*v, -5*v = -3*t - v. Suppose -3*b - 81 + 846 = t. What is the tens digit of b?
5
Let b(u) = 8*u**2 + u + 1. Let q be 5 - (-6)/(-6 + 4). Let s be (7/(-3) + q)*-6. What is the tens digit of b(s)?
3
Let s = -68 + 83. What is the units digit of s/75 + (-1128)/(-10) + -1?
2
Suppose 11258 = 12*w + w. What is the tens digit of w?
6
L